v = 2*y - 16, 3*v - g*y = 2*v + 4. What is the tens digit of 1/v + (-520)/(-32)?
1
Let g(l) = l**3 + 13*l**2 + 15*l + 9. What is the units digit of g(-11)?
6
Suppose -z = -0*z. Suppose -h - 2*n = -1, n + z*n = 0. Let d(p) = 4*p**3 - 2*p**2 + p. What is the units digit of d(h)?
3
Let i(j) = -j - 2. Let w be i(6). Suppose 2*z + 2*z + 28 = 0. Let v = z - w. What is the units digit of v?
1
Let y(m) = m**3 + 3*m**2 + 2*m. Let s be y(-2). Let f(h) = -h + 0*h + s*h. What is the units digit of f(-1)?
1
Let v = -10 + -4. Let q be 4/(-18) - v/(-18). Let y = q + 7. What is the units digit of y?
6
Suppose -3*v - n + 222 = -513, 4*v - 988 = -4*n. What is the units digit of v?
4
Let h(l) = -l**2 - 3*l + 10. Let y(z) = z**2 + 2*z - 9. Suppose 3*i = 2*i + 5*m - 24, 2*m = -i + 4. Let u(r) = i*y(r) - 3*h(r). What is the units digit of u(0)?
6
Let m(o) = -5*o**3 - o**2 - 3*o - 1. What is the units digit of m(-1)?
6
Let w(p) = -3*p**2 - 6*p - 2. Let y be w(-2). Let u(r) = 6*r**2 - 2. What is the tens digit of u(y)?
2
Let r be 4/(3*(-3)/(-9)). Suppose 0 = -r*x + 3*x + 1. Suppose -2 = -3*b + x. What is the units digit of b?
1
Suppose 3*c + 1 = -5*h, -h + c + 4 = h. Let w(v) = -4*v**2. Let z be w(1). What is the units digit of (h - 2)*(z + -1)?
5
What is the tens digit of (3 + -80)/((-4)/16)?
0
Let d(x) = -x**2 - 10*x + 1. What is the units digit of d(-6)?
5
Let s(u) = 8*u - 11. Suppose 8 = -6*w + 7*w. What is the tens digit of s(w)?
5
Suppose -v + 4*v - 21 = -3*c, 0 = 3*c + 2*v - 18. Suppose -7*z + 66 = -c*z. What is the tens digit of z?
2
Suppose 2*l + 2 = 0, -4*i + 31 = -0*i + l. What is the units digit of i?
8
Let a = 2 + -6. Let m be (2/(-5))/(1/15). What is the units digit of ((-6)/m)/((-1)/a)?
4
Suppose -n = -0*n - 7. Suppose -n*c + 3*c + 2 = f, f - 2*c - 2 = 0. Suppose 4*a + 3*w - 10 = 0, -3*w + 3 = -a - f*a. What is the units digit of a?
1
Suppose -149 - 46 = -3*t. What is the tens digit of t?
6
Suppose -2*l + g - 3*g + 170 = 0, 5*l + 3*g - 415 = 0. What is the units digit of l?
0
Let r(q) = q - 3. Let p be r(2). Let u be (p/(-1))/(-1 + 0). What is the units digit of (0 - -1)*(u + 9)?
8
What is the units digit of 107 - ((4 - 3) + 0)?
6
Let z = 40 + -7. What is the tens digit of z?
3
Suppose -6*o = -3*o - 9. What is the units digit of o?
3
Let i(d) = d**3 + d**2. Let y(m) = 3*m**3 + 5*m**2 - 2*m. Let p(j) = -2*i(j) + y(j). Let n be p(-3). Suppose f + 0 - n = 0. What is the units digit of f?
6
Let f be -2 + 4 - (-2)/2. Suppose f*a + a - 48 = 0. What is the units digit of a?
2
Let i = 194 + -104. What is the tens digit of i?
9
Suppose -5*u = -d + 35, -3*d + u - 3*u + 139 = 0. Let s = d + -32. What is the units digit of s?
3
Let z be 1/(1 + 3/(-4)). Suppose 11 - 3 = z*m. What is the units digit of m?
2
Let p(x) = -x - 6. Let f(d) = -2*d**2 + d + 1. Let h be f(2). Let s be p(h). Let o = 2 - s. What is the units digit of o?
3
Let r(j) = -j**3 - 8*j**2 + 5*j - 11. What is the tens digit of r(-9)?
2
Let t be (-13 + 8)*4/(-5). Suppose -t*x = x - 65. What is the tens digit of x?
1
Let s = 184 - 163. What is the units digit of s?
1
Let x be (-2)/3 + (-60)/18. What is the tens digit of x/(-2)*69/6?
2
Let u(k) = -2*k**3 - k**2 + k + 1. Suppose -3*w = -2*p - 2, 4*w + 3 = w - 3*p. Suppose 2*c + c + 6 = w. What is the tens digit of u(c)?
1
Let b(l) = 2*l**3 - 11*l**2 + 2*l + 6. What is the tens digit of b(6)?
5
Let r = -119 - -234. What is the hundreds digit of r?
1
Let u = -53 - -83. What is the tens digit of u?
3
Let y be 0 - 0 - (1 - 7). Let k(l) = 1 - 3*l - 2*l + 2*l - y. What is the tens digit of k(-5)?
1
Suppose b - 8 = -3*b. Suppose b*m + 16 = 4*m. What is the units digit of m?
8
Let d(h) = -h + 16. Let r be d(11). Suppose 30 = 5*w + 2*i, r*w = -3*i + 22 + 8. Suppose 3*k - 6 - w = 0. What is the units digit of k?
4
Let h = 16 + -6. What is the units digit of (-15 + -1)*(-5)/h?
8
Let g = 53 - 27. What is the units digit of g?
6
Let g(j) = j**2 - 7*j + 6. Let s be g(5). Let m(r) = -8 + 3 + 5*r**3 - 4*r**3 + 4*r**2 - 3*r. What is the units digit of m(s)?
7
Suppose -3*v + 81 = -60. What is the tens digit of v?
4
Let d = 38 + -37. What is the units digit of d?
1
Let p(d) = -3*d**2 - 5*d. Let z(g) = 2*g**2 + 4*g. Let b(u) = -5*p(u) - 6*z(u). What is the units digit of b(1)?
4
Suppose 0 = -4*f - 2*o + 126, -7 + 4 = -o. Let v = 54 - f. Suppose 3*m - v + 0 = 0. What is the units digit of m?
8
Suppose -5*g + 15 = -5. Let i be (-2 - -8)*g - -1. Let w = 36 - i. What is the tens digit of w?
1
Let h be (0/(2/2))/2. Suppose h = -2*s - s + 18. Suppose -i = i - s. What is the units digit of i?
3
Let x(c) = 2*c**2 - c - 1. Let d be x(-1). Suppose -19 = -d*p + 1. What is the tens digit of p?
1
Let n(o) = 3*o**2 + o. Let h be 70/25 + 1/5. Let u be n(h). Suppose u = 2*j + j. What is the units digit of j?
0
Let y = 5 - 3. Let l(q) = -15*q**2 + 3*q. Let w be l(y). What is the units digit of 6/(-15) - w/10?
5
Let o(v) = v**3 - 11*v**2 + 3. Let s be o(11). What is the tens digit of 2/(s*(-1)/(-27))?
1
Let b = -3 - -4. Let j = b + 4. Suppose -2*v - j = -7*v. What is the units digit of v?
1
Suppose 14 = 4*k - 6. Suppose k = n - 15. What is the tens digit of n?
2
Let d = -58 - -88. What is the units digit of d?
0
Suppose -4*u = -6*n + n - 101, -4*n - 52 = -2*u. Suppose -5*s + 119 = u. What is the tens digit of s?
1
Let d(w) = 23*w**3 + 4*w**2 - 4*w + 3. Let x(i) = i**2 - i + 1. Let g(z) = d(z) - 4*x(z). What is the units digit of g(1)?
2
Let k be (-8 - 2)*20/(-2). Suppose -5*c = j - 44, -k = -5*j + 2*c - 3*c. What is the tens digit of j?
1
Let p(b) = b**3 - 2*b**2 - 2*b + 4. Suppose 5*a = 3*j + 29, 5*a + 4*j - 5 = -j. What is the tens digit of p(a)?
2
What is the tens digit of (-2)/((-4)/326)*(-25)/(-25)?
6
Let s(b) = 9*b**2 - 1. Suppose -4*m - 5*p - 9 = -3*m, -3*p - 4 = 2*m. Let z be s(m). Let g = z + 4. What is the tens digit of g?
1
Suppose -26 = -7*g + 3*g + 2*f, -15 = 3*f. Suppose -g*c + 2*w = -0*w - 50, -15 = c + 5*w. What is the units digit of c?
0
Let i(l) = l**2 + 10*l - 11. Let n be i(-11). Suppose n = -4*s - 3*j + 93, 27 = 2*s + j - 20. What is the tens digit of s?
2
Let w = 59 + -7. What is the tens digit of w?
5
Suppose 2*w - 3*s = -0*w + 15, -20 = w + 4*s. Suppose w = -g - g + 22. Let j = 13 - g. What is the units digit of j?
2
Suppose -5*u + 5*i + 474 = 129, -5*u + 2*i = -360. What is the tens digit of u?
7
Suppose -c + 0 = -10. Suppose -y - c = -3*y. Suppose -7 = -w - y*i, -w + 5 = i + 2. What is the units digit of w?
2
Let w(v) = -v**3 + 15*v**2 - 19*v + 3. What is the units digit of w(13)?
4
Let q = -4 - -1. Let m(d) = 2*d**2 + d - 4. What is the units digit of m(q)?
1
Suppose r - 2*s = 12, -5*s - 3 = -4*s. Let t be (5 - 1)/(-1 + 0). Let m = r + t. What is the units digit of m?
2
Let r(v) be the third derivative of -v**6/24 + v**4/12 + v**3/6 - v**2. What is the units digit of r(-1)?
4
Let o = -13 - -7. Let r(a) = -3*a - 6. What is the tens digit of r(o)?
1
Suppose -2*j - 3*r = -617, r = -4*r + 5. What is the units digit of j?
7
Let y = 22 + 336. What is the tens digit of y?
5
Let b = 3 + -7. Let v = b - -29. Suppose -4*u = -3*g + 4*g - 17, 5*g - v = -5*u. What is the units digit of u?
4
Let h(x) = 14*x**2 + 0 - 6 + 5. What is the units digit of h(-1)?
3
Let h(f) = f**2 - f. Let w(m) = 18*m**2 - 18*m + 3. Let t(r) = -15*h(r) + w(r). What is the units digit of t(3)?
1
Suppose -5*c + 20 = 2*k, 0*k + 2*k = 5*c - 40. Suppose -c*n - 9 = -3*n - 3*w, -w = -4. What is the units digit of 7 + (2/2 - n)?
7
Let w = 25 - 11. Suppose 2*y - w = 18. What is the units digit of y?
6
Let g(n) = -2*n + 7. Let b(j) = -10*j + 34. Let l(w) = 2*b(w) - 11*g(w). What is the units digit of l(7)?
5
Suppose 0 = 3*n - i - 84, -3*i = -5*n + i + 133. What is the units digit of n?
9
Let m(w) = -w**2 - 4*w - 3. Let g be m(-3). Suppose 0*a = -5*t - 2*a - 207, g = -5*t + 4*a - 201. Let j = t - -57. What is the tens digit of j?
1
Suppose l - 6 - 8 = 0. What is the tens digit of l?
1
Let u = 22 + -9. Suppose 0 = 4*c + 1 - u. What is the units digit of c?
3
Let m = -8 - -14. Let s(x) = 2*x - 9. What is the units digit of s(m)?
3
Let h = 196 - 139. What is the units digit of h?
7
Let s(y) = 2*y**3 - y + 1. Let r be s(1). Suppose -5 = 5*w, r*w = -2*m - 0*w + 2. What is the units digit of m?
2
Let z = 19 + -35. 